e 15
-2d
Convert -5ba8 (base 12) to base 5.
-312402
What is -10000000 (base 2) in base 11?
-107
What is -3b5 (base 13) in base 16?
-28f
Convert -101001100110 (base 2) to base 14.
-d82
-7864 (base 12) to base 9
-20244
Convert -15001 (base 11) to base 8.
-51461
-1769 (base 10) to base 13
-a61
Convert 3ea (base 15) to base 3.
1020011
-218 (base 12) to base 10
-308
93a8 (base 12) to base 7
64655
7320 (base 13) to base 4
3320220
Convert -2ac8 (base 16) to base 9.
-16018
What is -43441 (base 7) in base 11?
-8181
Convert 1011310 (base 5) to base 4.
10001013
Convert -99 (base 10) to base 6.
-243
What is -3845 (base 9) in base 15?
-cbb
-3351 (base 7) to base 6
-5340
Convert 52 (base 11) to base 14.
41
What is 100010011101010 (base 2) in base 3?
220012102
-895 (base 15) to base 6
-12552
What is -803 (base 10) in base 5?
-11203
3228 (base 11) to base 14
17a9
What is -13044 (base 5) in base 6?
-4424
-19d (base 14) to base 5
-2320
Convert -110010111110111 (base 2) to base 5.
-1313403
What is 13203130 (base 4) in base 8?
74334
What is -1504 (base 10) in base 12?
-a54
Convert -1791 (base 14) to base 3.
-12211011
What is -2a0a (base 12) in base 5?
-124111
What is -11323 (base 5) in base 7?
-2305
Convert 14d5 (base 14) to base 10.
3715
Convert 18921 (base 15) to base 9.
131264
What is 400 (base 9) in base 11?
275
291 (base 12) to base 10
397
What is 231300 (base 4) in base 6?
21320
Convert -10111 (base 8) to base 9.
-5642
Convert -18635 (base 11) to base 14.
-96cd
Convert 3210123 (base 5) to base 9.
81704
3044 (base 5) to base 16
18f
Convert 2544 (base 9) to base 15.
86d
Convert -4eb9 (base 15) to base 11.
-11705
What is 2002200 (base 3) in base 15?
6c0
What is 212331 (base 4) in base 5?
34433
What is -100101100000110 (base 2) in base 3?
-222100100
-1972 (base 10) to base 4
-132310
-200012211 (base 3) to base 15
-3e04
223444 (base 6) to base 12
ab84
Convert 52051 (base 7) to base 11.
9620
What is 2130 (base 12) in base 8?
7064
-b37 (base 13) to base 5
-30110
Convert 12211 (base 5) to base 7.
2500
What is 16d (base 14) in base 9?
355
Convert 11000011000 (base 2) to base 3.
2010210
10316 (base 8) to base 4
1003032
-12b (base 13) to base 9
-248
What is 1858 (base 13) in base 11?
27a3
Convert 3123103 (base 4) to base 8.
33323
What is 5205 (base 9) in base 3?
12020012
-1100000000 (base 3) to base 12
-13230
Convert 11640 (base 12) to base 8.
55520
What is 76 (base 13) in base 7?
166
What is -eb (base 16) in base 6?
-1031
52 (base 11) to base 13
45
Convert 22012220 (base 3) to base 9.
8186
Convert -33048 (base 9) to base 11.
-15512
-102134 (base 5) to base 7
-12653
Convert 1623 (base 10) to base 14.
83d
Convert -10110011101111 (base 2) to base 11.
-8708
3470 (base 11) to base 13
20c4
What is -12211 (base 3) in base 4?
-2131
e62d (base 16) to base 9
88742
What is 1dcf (base 16) in base 12?
44bb
-2303 (base 5) to base 12
-234
-6554 (base 8) to base 16
-d6c
Convert 10115 (base 7) to base 10.
2462
-54000 (base 9) to base 3
-1211000000
Convert -2145 (base 7) to base 10.
-768
What is 208a6 (base 11) in base 6?
352330
Convert 23330 (base 6) to base 13.
16bc
Convert 155 (base 6) to base 7.
131
3008 (base 14) to base 2
10000000110000
Convert -c4 (base 16) to base 12.
-144
50557 (base 9) to base 8
100756
1002 (base 7) to base 4
11121
Convert -3310 (base 4) to base 14.
-136
Convert 25247 (base 8) to base 14.
3d9d
4056 (base 8) to base 13
c51
-1323132 (base 4) to base 14
-2c46
Convert 2e3 (base 16) to base 5.
10424
6d6 (base 16) to base 6
12034
Convert 296 (base 10) to base 9.
358
What is 7a4 (base 12) in base 6?
5124
Convert c61 (base 16) to base 14.
1225
What is -4308 (base 11) in base 5?
-140240
What is 55400 (base 7) in base 13?
6446
6924 (base 15) to base 9
33537
What is -22111220 (base 3) in base 8?
-14077
What is 389 (base 12) in base 9?
656
What is 60aa (base 15) in base 11?
14375
What is -3060 (base 9) in base 14?
-b61
-2352 (base 14) to base 16
-1804
Convert -6a09 (base 15) to base 5.
-1210014
-4243 (base 5) to base 11
-481
Convert 1001010010 (base 2) to base 4.
21102
What is -37b9 (base 12) in base 10?
-6333
367 (base 10) to base 7
1033
What is 41b (base 13) in base 9?
857
What is 211141 (base 6) in base 5?
1022000
Convert -11012 (base 4) to base 15.
-16b
-24551 (base 6) to base 2
-111001010011
33a (base 11) to base 15
1c1
596 (base 14) to base 2
10001011000
What is 301230 (base 4) in base 11?
2431
-1350 (base 7) to base 8
-1015
-722c (base 13) to base 5
-1001010
Convert -7124 (base 10) to base 16.
-1bd4
Convert 7c5 (base 15) to base 16.
6e0
What is 11100101110011 (base 2) in base 12?
8617
Convert 31003312 (base 4) to base 6.
1051354
Convert -57d2 (base 15) to base 16.
-48d7
What is 2421 (base 8) in base 12?
901
Convert -2455 (base 8) to base 9.
-1732
-1350 (base 7) to base 4
-20031
What is 234262 (base 7) in base 5?
2323311
Convert 6370 (base 15) to base 10.
21030
2003330 (base 4) to base 13
3ac7
-698a (base 12) to base 5
-334040
What is -16ca (base 16) in base 2?
-1011011001010
-14c4 (base 16) to base 5
-132231
Convert -86744 (base 9) to base 8.
-160175
Convert -112a (base 11) to base 10.
-1484
What is 6193 (base 10) in base 16?
1831
Convert -2210310 (base 4) to base 13.
-4a55
483 (base 12) to base 4
22203
Convert 16 (base 10) to base 11.
15
Convert -3667 (base 8) to base 5.
-30400
What is 1110202202 (base 3) in base 6?
342115
What is -dd22 (base 14) in base 7?
-216342
10285 (base 12) to base 6
241445
What is 268 (base 14) in base 3?
122221
What is 3205 (base 6) in base 4?
23111
Convert -1201120222 (base 3) to base 5.
-2041330
What is 1112200010 (base 3) in base 5?
1433003
What is -926 (base 12) in base 8?
-2456
Convert -617 (base 10) to base 8.
-1151
Convert -679 (base 10) to base 2.
-1010100111
-4aa2 (base 12) to base 6
-103122
2272 (base 16) to base 11
6697
What is 21000 (base 3) in base 8?
275
What is -120110 (base 3) in base 14?
-21b
What is -112011 (base 3) in base 6?
-1434
213412 (base 5) to base 15
22a7
Convert -4133 (base 6) to base 12.
-649
Convert -64351 (base 7) to base 11.
-10aa0
692 (base 16) to base 2
11010010010
What is -1246 (base 11) in base 2?
-11001010111
23112 (base 6) to base 4
303110
Convert 7d6f (base 16) to base 4.
13311233
Convert 66bc (base 14) to base 9.
26374
Convert 202 (base 9) to base 5.
1124
-2b459 (base 12) to base 5
-3424000
What is -636 (base 10) in base 6?
-2540
Convert -221003 (base 4) to base 8.
-5103
What is -13332133 (base 4) in base 15?
-9a31
bd (base 14) to base 6
435
Convert 1554 (base 7) to base 4.
21303
What is -4234 (base 6) in base 2?
-1110111110
3324 (base 13) to base 15
21a3
-233 (base 7) to base 6
-322
311302 (base 4) to base 10
3442
-1308 (base 14) to base 6
-23244
What is 8150 (base 10) in base 14?
2d82
What is -1110011001010 (base 2) in base 10?
-7370
What is 101100100000 (base 2) in base 10?
2848
119a (base 14) to base 3
11012221
What is 24409 (base 13) in base 12?
32657
What is 8b6 (base 14) in base 5?
23403
-36604 (base 7) to base 13
-4474
Convert -542 (base 8) to base 3.
-111010
What is -122445 (base 7) in base 12?
-11050
What is -9d2 (base 15) in base 4?
-202232
What is 133 (base 5) in base 12?
37
What is -387 (base 12) in base 6?
-2251
3030 (base 4) to base 8
314
What is 104004 (base 7) in base 11?
12730
1010111110111 (base 2) to base 15
19ed
530 (base 8) to base 2
101011000
2113 (base 4) to base 11
128
What is 114 (base 12) in base 14?
b6
-21202202 (base 3) to base 7
-22340
Convert 635c (base 15) to base 5.
1133022
112424 (base 6) to base 5
302124
Convert 42 (base 14) to base 7.
112
-4b (base 16) to base 7
-135
What is eee (base 16) in base 2?
111011101110
3104 (base 5) to base 9
488
What is -1983 (base 14) in base 4?
-1020033
Convert -14121 (base 7) to base 9.
-5233
Convert -116b (base 13) to base 4.
-212113
What is -7676 (base 9) in base 16?
-161a
-10206 (base 8) to base 13
-1c05
43309 (base 10) to base 14
11ad7
What is 3a24 (base 11) in base 10?
5229
Convert -552 (base 8) to base 2.
-101101010
-101111000001011 (base 2) to base 8
-57013
Convert -28e (base 15) to base 12.
-408
What is -216b0 (base 13) in base 6?
-1143552
Convert 1611 (base 8) to base 5.
12110
Convert 8723 (base 11) to base 9.
16720
-7205 (base 12) to base 11
-9343
1170 (base 9) to base 10
873
94a6 (base 16) to base 11
26655
What is 1